e hundred thousands digit of 505109?
5
What is the ten thousands digit of 375161?
7
What is the ten thousands digit of 1339078?
3
What is the thousands digit of 1609862?
9
What is the thousands digit of 473047?
3
What is the ten thousands digit of 23932762?
3
What is the thousands digit of 83986?
3
What is the ten thousands digit of 1283243?
8
What is the ten millions digit of 16744646?
1
What is the ten thousands digit of 939017?
3
What is the hundred thousands digit of 261634?
2
What is the tens digit of 962401?
0
What is the hundreds digit of 1195695?
6
What is the hundreds digit of 784646?
6
What is the thousands digit of 450429?
0
What is the thousands digit of 1961004?
1
What is the ten thousands digit of 16988131?
8
What is the ten thousands digit of 987692?
8
What is the units digit of 137126?
6
What is the units digit of 3452879?
9
What is the millions digit of 13881095?
3
What is the thousands digit of 568812?
8
What is the hundreds digit of 24610379?
3
What is the thousands digit of 5150992?
0
What is the thousands digit of 2080862?
0
What is the units digit of 304091?
1
What is the ten thousands digit of 557494?
5
What is the ten thousands digit of 74715?
7
What is the hundred thousands digit of 2519108?
5
What is the tens digit of 1076962?
6
What is the thousands digit of 538682?
8
What is the thousands digit of 1744464?
4
What is the tens digit of 732270?
7
What is the hundred thousands digit of 560360?
5
What is the tens digit of 9440014?
1
What is the thousands digit of 2299655?
9
What is the thousands digit of 13869642?
9
What is the tens digit of 1102401?
0
What is the hundreds digit of 1836810?
8
What is the units digit of 563128?
8
What is the units digit of 76868?
8
What is the hundred thousands digit of 8341332?
3
What is the hundred thousands digit of 25572370?
5
What is the millions digit of 2641602?
2
What is the ten thousands digit of 22443?
2
What is the hundreds digit of 17473427?
4
What is the ten thousands digit of 3449878?
4
What is the ten thousands digit of 186185?
8
What is the ten thousands digit of 662328?
6
What is the millions digit of 1235289?
1
What is the thousands digit of 3320049?
0
What is the ten thousands digit of 5308321?
0
What is the thousands digit of 32033691?
3
What is the ten millions digit of 16432443?
1
What is the thousands digit of 8857884?
7
What is the hundreds digit of 72748?
7
What is the millions digit of 5683541?
5
What is the ten thousands digit of 2708661?
0
What is the hundreds digit of 131093?
0
What is the ten thousands digit of 5023371?
2
What is the ten millions digit of 23076799?
2
What is the hundreds digit of 206322?
3
What is the units digit of 335285?
5
What is the thousands digit of 244918?
4
What is the ten thousands digit of 76266?
7
What is the hundred thousands digit of 2000162?
0
What is the hundred thousands digit of 162480?
1
What is the ten thousands digit of 12642590?
4
What is the hundred thousands digit of 3106343?
1
What is the ten thousands digit of 1696610?
9
What is the units digit of 995824?
4
What is the units digit of 8773106?
6
What is the ten thousands digit of 22672202?
7
What is the ten thousands digit of 236842?
3
What is the units digit of 490241?
1
What is the tens digit of 115752?
5
What is the tens digit of 5290463?
6
What is the units digit of 3021500?
0
What is the hundreds digit of 11281?
2
What is the hundred thousands digit of 1131208?
1
What is the thousands digit of 364081?
4
What is the ten thousands digit of 335357?
3
What is the ten thousands digit of 6605746?
0
What is the thousands digit of 308879?
8
What is the units digit of 166871?
1
What is the hundred thousands digit of 2270696?
2
What is the tens digit of 209340?
4
What is the hundreds digit of 40961?
9
What is the thousands digit of 3267133?
7
What is the ten millions digit of 10333707?
1
What is the ten thousands digit of 51240?
5
What is the ten thousands digit of 1527423?
2
What is the ten millions digit of 13956912?
1
What is the thousands digit of 1614313?
4
What is the units digit of 2219348?
8
What is the units digit of 7611138?
8
What is the thousands digit of 363178?
3
What is the thousands digit of 102052?
2
What is the ten thousands digit of 190798?
9
What is the units digit of 170922?
2
What is the hundreds digit of 366438?
4
What is the units digit of 1340355?
5
What is the ten thousands digit of 22587006?
8
What is the hundreds digit of 9467375?
3
What is the units digit of 8331636?
6
What is the millions digit of 1293421?
1
What is the units digit of 537637?
7
What is the hundreds digit of 5714?
7
What is the ten thousands digit of 16619500?
1
What is the tens digit of 25143258?
5
What is the millions digit of 2031492?
2
What is the ten thousands digit of 29715704?
1
What is the thousands digit of 48595?
8
What is the tens digit of 4035152?
5
What is the tens digit of 118065?
6
What is the hundred thousands digit of 1327429?
3
What is the ten thousands digit of 461593?
6
What is the hundred thousands digit of 121115?
1
What is the units digit of 270453?
3
What is the hundreds digit of 2821494?
4
What is the tens digit of 326414?
1
What is the hundreds digit of 2781727?
7
What is the hundreds digit of 2408040?
0
What is the hundreds digit of 4659786?
7
What is the hundred thousands digit of 3644310?
6
What is the tens digit of 982144?
4
What is the hundreds digit of 292375?
3
What is the units digit of 22393953?
3
What is the tens digit of 2939991?
9
What is the tens digit of 7015873?
7
What is the thousands digit of 531279?
1
What is the hundreds digit of 1430150?
1
What is the ten millions digit of 32938276?
3
What is the thousands digit of 31796288?
6
What is the millions digit of 5129472?
5
What is the thousands digit of 1494081?
4
What is the units digit of 1054142?
2
What is the hundreds digit of 20437800?
8
What is the units digit of 1566767?
7
What is the hundred thousands digit of 822778?
8
What is the thousands digit of 6118346?
8
What is the thousands digit of 225620?
5
What is the ten thousands digit of 17147276?
4
What is the hundred thousands digit of 1410190?
4
What is the millions digit of 26318981?
6
What is the hundreds digit of 30286626?
6
What is the millions digit of 1186181?
1
What is the units digit of 737756?
6
What is the thousands digit of 51420?
1
What is the tens digit of 297363?
6
What is the tens digit of 106419?
1
What is the tens digit of 11693609?
0
What is the thousands digit of 625281?
5
What is the hundreds digit of 9790984?
9
What is the hundreds digit of 347532?
5
What is the ten millions digit of 13069174?
1
What is the ten thousands digit of 2262350?
6
What is the units digit of 8111369?
9
What is the units digit of 280713?
3
What is the hundreds digit of 853280?
2
What is the hundred thousands digit of 537558?
5
What is the thousands digit of 139595?
9
What is the millions digit of 2736417?
2
What is the thousands digit of 173296?
3
What is the units digit of 11216174?
4
What is the ten thousands digit of 343983?
4
What is the thousands digit of 23932?
3
What is the thousands digit of 303411?
3
What is the hundred thousands digit of 323542?
3
What is the thousands digit of 1614944?
4
What is the tens digit of 2614768?
6
What is the hundred thousands digit of 456031?
4
What is the hundred thousands digit of 199656?
1
What is the tens digit of 3756396?
9
What is the units digit of 112680?
0
What is the tens digit of 1593172?
7
What is the millions digit of 2024521?
2
What is the thousands digit of 102696?
2
What is the ten thousands digit of 388540?
8
What is the hundreds digit of 174783?
7
What is the ten thousands digit of 28314499?
1
What is the millions digit of 26469179?
6
What is the ten thousands digit of 1846190?
4
What is the hundreds digit of 90766?
7
What is the hundreds digit of 3898757?
7
What is the tens digit of 1286318?
1
What is the tens digit of 37082536?
3
What is the tens digit of 1342583?
8
What is the ten thousands digit of 30290389?
9
What is the hundreds digit of 176972?
9
What is the units digit of 274781?
1
What is the thousands digit of 11202527?
2
What is the hundreds digit of 13514332?
3
What is the hundreds digit of 955344?
3
What is the units digit of 201697?
7
What is the ten thousands